8b617
In base 12, what is 59431 + -2034?
573b9
In base 14, what is 197 - -14303a?
1431d3
In base 5, what is 143232331 - 143?
143232133
In base 13, what is -5 + -64ba97?
-64ba9c
In base 9, what is 32271505 + 6?
32271512
In base 7, what is 16 - -163501651?
163502000
In base 11, what is a29 - 2024a?
-1a321
In base 7, what is -2014 + -1613460?
-1615504
In base 4, what is 1 + -1011003013222?
-1011003013221
In base 13, what is 1aa09c - 12?
1aa08a
In base 16, what is -2b1185 + c?
-2b1179
In base 11, what is -19 - -1283043?
1283025
In base 8, what is -320201 - -1?
-320200
In base 2, what is -100010011101000000001001 + -101001?
-100010011101000000110010
In base 14, what is 5 - 132ba88?
-132ba83
In base 9, what is 75 - 3132260?
-3132174
In base 16, what is -25 + -3d15c?
-3d181
In base 7, what is -424405 + -1134?
-425542
In base 10, what is 5 - 20784917?
-20784912
In base 4, what is 302010 - 130312?
111032
In base 7, what is -251211234 + -5?
-251211242
In base 3, what is 12 + 110221121000221?
110221121001010
In base 7, what is -212142 - -3?
-212136
In base 2, what is 10101010101000100010011011 - 11?
10101010101000100010011000
In base 10, what is -14 - -1898256?
1898242
In base 11, what is 2a68 - 25986?
-22a19
In base 3, what is -1102110002100121 + 2?
-1102110002100112
In base 7, what is 5446320531 + -2?
5446320526
In base 15, what is 507 + -216d?
-1b66
In base 13, what is abb - a4c6?
-9708
In base 13, what is -8c54 + 1330c?
7388
In base 12, what is -3 + 1b43b55?
1b43b52
In base 13, what is -341 - bc14?
-c255
In base 5, what is 131232 - -203124?
334411
In base 4, what is 2120 + -32031230?
-32023110
In base 5, what is 11112440 - -140?
11113130
In base 12, what is -4 + 2272116?
2272112
In base 16, what is 12639 - -3b?
12674
In base 11, what is -2a + -42483?
-42502
In base 13, what is -6b315b - -8a?
-6b30a1
In base 5, what is 402124 + -201413?
200211
In base 9, what is 401 - -1265673?
1266174
In base 14, what is -1d + -218c7b?
-218c9a
In base 10, what is 286 - -34984?
35270
In base 2, what is -101 - -1111110001001011110101110?
1111110001001011110101001
In base 13, what is -653 - a09?
-135c
In base 2, what is -1011000000101001 + 10100010101?
-1010101100010100
In base 9, what is -8 + -176045672?
-176045681
In base 6, what is 0 - -405414022?
405414022
In base 3, what is -20221121001 + -1211?
-20221122212
In base 12, what is -173b6238 - 8?
-173b6244
In base 9, what is 54 - -1388218?
1388273
In base 6, what is 32 - 14122241?
-14122205
In base 15, what is -50 - -76dd9?
76d89
In base 2, what is 101 + -10000111100010101010001000110?
-10000111100010101010001000001
In base 6, what is -205251 + -2250?
-211541
In base 16, what is 5 - -61f1907?
61f190c
In base 14, what is 50c546a3 + 0?
50c546a3
In base 2, what is -100110010110011 - 101001000110000?
-1001111011100011
In base 4, what is 13122112233 + -210?
13122112023
In base 16, what is -d2fa + 4d1a?
-85e0
In base 3, what is 1222111000102000 + -10?
1222111000101220
In base 15, what is 3 - -300429c?
30042a0
In base 4, what is -133222 - -212033?
12211
In base 11, what is -9278 - -186?
-90a2
In base 9, what is -3511570212 + -1?
-3511570213
In base 6, what is 25435 - -2322?
32201
In base 14, what is -9d8c74 - 1?
-9d8c75
In base 15, what is -30dd0e - d?
-30dd1c
In base 13, what is -6 - -3723b5?
3723ac
In base 3, what is 12100202 + 20211222?
110012201
In base 3, what is 0 - 1122002012202011?
-1122002012202011
In base 16, what is -4f94 + -3a4?
-5338
In base 5, what is -2034330 - -1340?
-2032440
In base 2, what is -10111010100111 - 110010111010001?
-1001010001111000
In base 9, what is 221651778 - -2?
221651781
In base 10, what is -1 - 142416?
-142417
In base 14, what is -9548d2 - -7?
-9548c9
In base 10, what is 90 - 378687?
-378597
In base 16, what is -1ee6dff + 13?
-1ee6dec
In base 13, what is -6a2 + 1504a?
14678
In base 12, what is 3 - -411b7a32?
411b7a35
In base 15, what is -cbe0 + -165?
-cd55
In base 8, what is 54315177 + 2?
54315201
In base 12, what is -14 + -1830816?
-183082a
In base 11, what is 404042 - 11?
404031
In base 9, what is -44631 + 33?
-44587
In base 4, what is 10330212312032 - 0?
10330212312032
In base 8, what is 4664201 - 1?
4664200
In base 12, what is 8299 - 1b6?
80a3
In base 4, what is 2132221123020 - 12?
2132221123002
In base 2, what is -1 - 111001111001001001000000?
-111001111001001001000001
In base 12, what is -5 + 8a3086b?
8a30866
In base 8, what is -4511 - 1536531?
-1543242
In base 4, what is 2 + 2222110?
2222112
In base 2, what is 110 - 100001001000110010?
-100001001000101100
In base 3, what is 12 - 1121020102022?
-1121020102010
In base 4, what is -1001031 - -22223002?
21221311
In base 14, what is 2374a58 - -4?
2374a5c
In base 9, what is -44 - 7688100?
-7688144
In base 16, what is 3c + -246044?
-246008
In base 15, what is 23aecc - -2?
23aece
In base 9, what is 3 + 55472052?
55472055
In base 11, what is 590 + -584?
7
In base 12, what is -941a - -21b?
-91bb
In base 13, what is -3 - -27632cb?
27632c8
In base 16, what is 0 - -1dc41b?
1dc41b
In base 2, what is -1 + 1011001110100000011011?
1011001110100000011010
In base 12, what is 4124 - -b70?
5094
In base 12, what is 1049 - -311b?
4168
In base 16, what is -29c9 + 79?
-2950
In base 5, what is -1333404243 + -40?
-1333404333
In base 14, what is 91c - 38?
8c4
In base 16, what is -5a - -e1b8?
e15e
In base 12, what is 359 + -1539b?
-15042
In base 12, what is -12 - 89a4265?
-89a4277
In base 8, what is -13377452 - -3?
-13377447
In base 13, what is 14999 - 3c14?
10a85
In base 8, what is 0 - -1670466255?
1670466255
In base 3, what is -11 + -2102002211110112?
-2102002211110200
In base 10, what is 21 + -1865566?
-1865545
In base 2, what is 1000100011 + 10010110110011000000?
10010110111011100011
In base 16, what is -af - 156f?
-161e
In base 2, what is 11010110 + -11011101011000100000?
-11011101010101001010
In base 15, what is -1e33 - -2b90?
c5c
In base 10, what is -4358873 - -2?
-4358871
In base 2, what is -100101110 - 110100111110?
-111001101100
In base 4, what is -2322 + 2212103223?
2212100301
In base 16, what is -a61eac + -b?
-a61eb7
In base 13, what is -c7aa1 - a0?
-c7b71
In base 16, what is -cd1 + 5f?
-c72
In base 2, what is 1000001010 - 110011010?
1110000
In base 15, what is -18a52 - ac?
-18b0e
In base 11, what is -563945a - -8?
-5639452
In base 4, what is -1 - 12000102122001?
-12000102122002
In base 16, what is 12c2 + 10ea8?
1216a
In base 8, what is -22 - 3631161?
-3631203
In base 2, what is -100011011001011 + -10111011001?
-100110010100100
In base 8, what is -10172 + -301?
-10473
In base 12, what is -30b7 - 1b0?
-32a7
In base 12, what is 32b632 - -236?
32b868
In base 7, what is -105566 - -2216?
-103350
In base 15, what is -840a + -83d?
-8c48
In base 8, what is 2145571 - -264?
2146055
In base 9, what is -4 + 20045484?
20045480
In base 9, what is 5 + 151633584?
151633600
In base 9, what is 247830 - -51?
247881
In base 11, what is 5 - 39965a0?
-3996596
In base 4, what is 220132130210 - 3?
220132130201
In base 11, what is 4 + 16809529?
16809532
In base 2, what is -111100111110010111 - 11101100?
-111101000010000011
In base 13, what is 70568 + -92?
704a6
In base 8, what is 656175 + -33?
656142
In base 14, what is 2 + -25d75c?
-25d75a
In base 11, what is -63a758 - -5?
-63a753
In base 15, what is 2450 - 5c05?
-37a5
In base 5, what is 1 + 33403003344?
33403003400
In base 4, what is -1113102323313 - -10?
-1113102323303
In base 13, what is 1a5b + 6490?
821b
In base 7, what is -15064 - 1234401?
-1252465
In base 2, what is -10110001 + 1100001000001111?
1100000101011110
In base 9, what is -2384 + 3141?
646
In base 16, what is -1d7 + -30adc?
-30cb3
In base 3, what is 20010122 + -1000000?
12010122
In base 3, what is 111001122111 + -1201?
111001120210
In base 12, what is b652aa + -a?
b652a0
In base 12, what is -2a + -156717?
-156745
In base 8, what is 1476502173 + 3?
1476502176
In base 14, what is 4917dc - -64?
491862
In base 15, what is 17 + 4a397b?
4a3993
In base 8, what is -1066 - 114211?
-115277
In base 2, what is 100111011011001010000101 - 10?
100111011011001010000011
In base 15, what is 1 - bd31e3?
-bd31e2
In base 11, what is 5 - 25028610?
-25028606
In base 9, what is 356034 - 21?
356013
In base 14, what is c338 + 8c16?
17150
In base 3, what is -100022011022 - -122200